 5*q. Suppose -6*j + 1007 = -q. What is the units digit of j?
8
Suppose w + 20*a - 22450 = 23*a, 67406 = 3*w - 2*a. What is the units digit of w?
4
Suppose 4 = b - 5*n, 9*n = 5*b + 4*n. What is the units digit of b/(-2)*-6*5/(-15)?
1
Let x(q) = -5*q - 29. Let z be x(-11). Let u(k) = k**2 - 21*k + 2. What is the units digit of u(z)?
2
Let x(b) = 3*b**3 + 11*b**2 - 7*b - 10. Let l be x(-4). Suppose -l*z = -162 - 182. What is the tens digit of z?
7
Let l = -18208 - -33495. What is the ten thousands digit of l?
1
Let v be (48/(-16))/(6/(-8)). Suppose 5*d = -v*q + 1708, 0 = 2*d - 3*d + 4. What is the tens digit of q?
2
Suppose 24 - 19 = 5*l, -15524 = -p - 4*l. What is the units digit of p?
0
Let z = 439 + -240. Let y = 194 + -181. Suppose 0 = y*r - 620 - z. What is the units digit of r?
3
Let t(y) = -y**3 + 15*y**2 - y + 14. Let h be t(15). Let i be 2/(-5) + ((-3852)/20 - h). Let w = -37 - i. What is the tens digit of w?
5
Suppose 2*o - 18 = -4*g, 2*g - 12 = o - 3*g. Suppose -y = -2*t + 307, 5*t + 157 = 6*t + o*y. What is the tens digit of t?
5
Suppose 19*n = n + 198. Suppose n*w = 17*w - 5988. What is the units digit of w?
8
Let y(u) = -73*u + 56. Let r = -94 + 85. What is the hundreds digit of y(r)?
7
Let h be -2 + 0/(-3 - -2). Let n(o) = -2*o**3 - 3*o**2 - 2*o - 4. Let v be n(h). Suppose -v*s = -116 - 180. What is the tens digit of s?
7
Let h = 1852 - 880. What is the hundreds digit of -2 + 7 - h/(-2)?
4
Let p(t) = 4*t**2 + 3*t - 3. Let z(b) = 4*b**2 + 4*b - 3. Let s(h) = -7*p(h) + 6*z(h). Let i be s(5). Let w = 110 + i. What is the tens digit of w?
2
Let l(q) = q**2 + 8*q - 45. Suppose 4*r + 14 = -s, 0 = -s + 5*r - 16 - 16. What is the hundreds digit of l(s)?
2
Let j(b) be the second derivative of -b**5/5 + 8*b**4/3 + 13*b**3/6 - 9*b**2/2 + 77*b. What is the units digit of j(8)?
5
Let n(t) = 7836*t - 16901. What is the units digit of n(13)?
7
What is the hundreds digit of -18*14*(-1915)/45?
7
Let q(o) = 132*o + 2188. What is the units digit of q(65)?
8
Suppose p + p = 10, 0 = -m + 3*p + 1329. Let r = -863 + m. What is the hundreds digit of r?
4
Let b(d) = 3 + 26*d**2 + 14 - 27*d**2 - 8*d. Let u be 3/6 + 38/(-4). What is the units digit of b(u)?
8
Let q = -38582 + 73406. Suppose -18*d + q = 6*d. What is the thousands digit of d?
1
Let l = -519 + -822. Let m = 2274 + l. What is the units digit of m?
3
Suppose -f - 5*u = 3*f - 227, -u - 257 = -4*f. Let a = -27 + f. Suppose -4*d = -24 - a. What is the tens digit of d?
1
Let f = 53912 - 9689. What is the tens digit of f?
2
Let d(y) = -30*y + 46. Let a be d(-8). What is the hundreds digit of a + -7 - (-8)/1?
2
Let u = 13854 - 24828. What is the hundreds digit of ((-20)/(-3))/((-124)/u)?
5
Let l(p) = -1 + 2*p + 0*p + 33 + 0*p. Let n be l(18). Suppose -n = -2*o - 4*r - 0, -2*r = 10. What is the units digit of o?
4
Let p be -8 - -11 - (2 + 2). Let c be p + 12/4 - -1. Suppose 3*h - 182 = -4*g, -4*g - g + 226 = c*h. What is the units digit of g?
4
Let u(q) = 2*q**3 + 88*q**2 + 204*q - 78. What is the units digit of u(-41)?
4
Let i = -15736 + 33627. What is the tens digit of i?
9
Let z(f) = -3*f**3 + 100*f**2 - 16*f + 138. What is the hundreds digit of z(30)?
6
Let c(b) = -17*b + 304. Suppose 4*k + 117*o - 113*o = -48, 2*o = 5*k + 60. What is the tens digit of c(k)?
0
Suppose -112619 - 96507 - 132049 = -75*z. What is the hundreds digit of z?
5
Suppose -w = -4*h - 4412 - 4217, -8614 = -w - h. What is the units digit of w?
7
Suppose y = -12 + 28. Suppose -8*d + 12*d - y = 0. Suppose -493 = -d*h + 623. What is the hundreds digit of h?
2
Let d = 21026 + -2985. What is the tens digit of d?
4
Suppose 0*m = 2*m - 0*m - 1984. What is the units digit of m?
2
Suppose -348*q + 353*q - 5*c = -15, 3*q + 5*c = 15. Let z(l) = 6*l - 357. Let n(k) = 3*k - 179. Let h(m) = 7*n(m) - 4*z(m). What is the tens digit of h(q)?
7
Let l(f) = -6*f - 25. Let b be l(-6). Suppose -4 = 3*k - 4*v - b, 2*v = -k + 9. Suppose -3*x - 15 = -i + 2*x, 147 = k*i - x. What is the units digit of i?
0
Suppose s = 5*r - 12214, 16*s - 21*s = 20. What is the units digit of r?
2
Suppose h + 4 = 0, 38102 = 5*g - 4*h + 12951. What is the hundreds digit of g?
0
Let r(s) = 3*s + 15. Let j(v) = 4*v + 5. Let l be j(-3). Let c be r(l). Let y(i) = -i**3 - i**2 - 7*i - 5. What is the units digit of y(c)?
7
Let n = -332 + 40. Let z be 9/4 + 0 - (-73)/n. Let p(d) = 62*d**2 + 12*d - 3. What is the units digit of p(z)?
9
Let a = -2787 + 7242. What is the hundreds digit of a?
4
Let b(r) = -r**2 + 12*r + 6. Let f = 32 - 20. Let t be b(f). Suppose -t*p = -5*p - 12. What is the units digit of p?
2
Let f(u) = u**3 - u**2 - 3*u + 6. Let h be f(0). Suppose h*v + 5*s + 1544 = 10*v, -1552 = -4*v + 3*s. What is the units digit of v?
1
Suppose -3*i + 16 = 2*u, -u = -4*i + 15 - 1. Suppose -u + 0 = r, -v = -5*r - 566. What is the tens digit of v?
5
Let z(w) = 89*w + 15. Let d be z(5). Let m = -282 + d. What is the units digit of m?
8
Let s = 10 - 8. Suppose -2*h - 223 = -m, -2*m - s*h + 152 = -288. Suppose 4*y - n - m = 0, y + 2*n = n + 54. What is the tens digit of y?
5
Let s(h) = 4*h**3 + 44*h**2 + 2*h - 109. Let a(g) = -5*g**3 - 44*g**2 + 110. Let d(z) = 5*a(z) + 6*s(z). What is the tens digit of d(44)?
2
Suppose 3*p - 12 - 18 = 0. Suppose -1487 = -p*n + 3. What is the units digit of n?
9
Suppose 6*v - 18 = 84. Suppose -v*f = -2*f - 4560. What is the units digit of f?
4
Let w(c) = -7*c**3 + 5*c**2 - 4. Let o be w(5). Let x = o - -1250. What is the tens digit of x?
9
Let j(f) = 58*f**2 - 19*f + 24. Let p be j(6). Suppose 4*c - 2938 = p. What is the thousands digit of c?
1
Let l(f) = f**3 - 11*f**2 + 16*f - 15. Let i(j) = j**2 - 5*j - 7. Let g be i(5). Let t(w) = w + 17. Let q be t(g). What is the units digit of l(q)?
5
Let o(m) = 47*m**3 - 3*m**2 - 19*m + 10. Let n be o(5). Suppose 15*q = 10*q + n. What is the thousands digit of q?
1
Suppose 0 = -111*p + 126*p - 1945 + 610. What is the tens digit of p?
8
Suppose -3*g + 5 = u, -u - 3*u = 3*g + 7. Suppose 560 = g*t - 658. What is the hundreds digit of t?
4
Let a = 5020 + -4514. What is the hundreds digit of a?
5
Suppose -13*f = -20*f + 3080. Let y be f/32 + (-3)/4. Suppose 0 = y*w - 9*w - 680. What is the hundreds digit of w?
1
Suppose 3*q - 2 = -5*x + 6*q, -4*q + 2 = -2*x. Let a(o) = o**3 + o**2. Let t be a(x). Suppose -4*y + 20 = -t*y. What is the tens digit of y?
1
Let a = 391 + 241. Suppose t = -2*y + 390 + a, 0 = -y + 3. What is the hundreds digit of t?
0
What is the thousands digit of 2 - 22825*(1 + 3 - (-880)/(-200))?
9
Suppose -5*m = -25*m + 40460. What is the thousands digit of m?
2
Let v(q) = q**3 - 50*q**2 - 3*q + 138. Let h be v(50). What is the hundreds digit of (h - (-16 - 498))*(-1)/(-2)?
2
Let w be 63/252 + (-70)/(-8). Suppose 5*r - 7 = 2*i, 1 = 5*r + 4*i - 30. What is the hundreds digit of (1110/w)/(1 + r/(-9))?
1
Suppose -1299904 = -71*q - 5*q. What is the ten thousands digit of q?
1
Suppose 2*p - 25 = 19. Let x = p - -16. What is the units digit of x?
8
What is the tens digit of ((-3528)/1470)/((-2)/7585)?
0
Let f be (12/9)/((-4)/(-6000)*-4). Let s = f - -1162. What is the tens digit of s?
6
Suppose -2*w = 6415 - 16283. What is the thousands digit of w?
4
Let p be 5/25 + (-18208)/(-160). Let u be -2*2/4*67. Let q = u + p. What is the units digit of q?
7
Let i(c) = c**2 + 3*c - 6. Suppose 11 = -2*a - b, -8 + 28 = -4*b. Let w be i(a). Let u(f) = -f + 16. What is the units digit of u(w)?
2
Suppose -k = 4*c - c + 252, 4*k = c + 97. Let x = c + 143. Let w = -38 + x. What is the tens digit of w?
2
Let h(a) = -12*a**2 - 22*a - 178. Let b be h(-7). Let p = 487 - b. What is the tens digit of p?
9
Suppose -5*f - 2*z + 22 = 0, 5*f + 2*z = 3*z + 19. Let r be -61*(-2)/2 + 6/(-3). Suppose -3*o - 33 = -f*k + r, k + 5*o = 46. What is the units digit of k?
6
Suppose -114 = -4*f - 110. What is the units digit of 7*(32 - f) - (22 + -27)?
2
Let o(p) = p**3 - p**2 + p. Let h be o(0). Let u be h - -1 - 0/(-3 - 1). Suppose 0*j + j - 3*i = u, i = 1. What is the units digit of j?
4
What is the ten thousands digit of (-5 + 2 - 26991)*(210/(-18) + 11)?
1
Let h = 7185 - 4039. What is the tens digit of h?
4
Let p(q) = 2*q**2 - 8*q - 39. Let w be p(-3). Suppose -8*f + 11*f - 2830 = -2*x, -934 = -f - w*x. What is the hundreds digit of 